
Suppose -3*n = r - 3*r + 1536, -3*r - 5*n + 2323 = 0. List the prime factors of r.
3, 257
Suppose -26*i - 5373 = -30307. What are the prime factors of i?
7, 137
Let t(x) = x**2 - 2*x. Let b be t(0). Suppose b = -2*j + 60 - 44. What are the prime factors of j?
2
Let o(b) be the first derivative of b**5/60 - b**4/6 - b**3/6 + 3*b**2/2 + 3. Let a(w) be the second derivative of o(w). List the prime factors of a(6).
11
Suppose -2*t = 5*v + 3*t - 490, -2*v + 2*t + 200 = 0. What are the prime factors of v?
3, 11
Suppose 5*j = 10, 3*j + 22 = 5*k + 68. List the prime factors of ((-66)/3)/(k/28).
7, 11
Let h(a) = -1. Let f(d) = -d**2 - 18*d + 14. Let w(o) = -f(o) - 5*h(o). List the prime factors of w(-19).
2, 5
Let k = -1054 - -1757. List the prime factors of k.
19, 37
Suppose 215 = v + f, 5*v - 367 - 748 = 5*f. List the prime factors of v.
3, 73
Let x be 5 + (1 - 6/2). Let o(c) = c**3 + 3*c**2 - 2. Let z be o(-2). Suppose j + x*j = 2*q + 100, -2*j - z*q + 50 = 0. What are the prime factors of j?
5
Suppose 98*y - 2475 = 95*y. List the prime factors of y.
3, 5, 11
Suppose -428 = 4*f - 20. Let j = f - -219. What are the prime factors of j?
3, 13
Let t(a) be the third derivative of -a**2 + 2*a**3 + 0 - 1/120*a**6 + 0*a - 1/24*a**4 + 0*a**5. What are the prime factors of t(0)?
2, 3
Suppose 28*d - 46*d = -9234. What are the prime factors of d?
3, 19
List the prime factors of 1244 + 3*(-16)/24.
2, 3, 23
List the prime factors of 96/10*-12*15/(-6).
2, 3
Suppose -107 + 107 = 4*z. Suppose -2*k - 2*h + 174 = -z*k, 3*k - 3*h - 255 = 0. What are the prime factors of k?
2, 43
Suppose 5*s = -4*o + 35, 4 = s + 2*s - o. Let q(g) = -s*g + 6*g - 5 - 2*g. List the prime factors of q(10).
5
Suppose 3*b - 3065 = y, 0 = b + 3*y - 188 - 817. Suppose -6*m - 4*m + b = 0. List the prime factors of m.
2, 3, 17
Let s = 11 + -8. Suppose -94 = y - 3*f, -f = y - s + 85. Let o = y + 128. List the prime factors of o.
43
Suppose -6*k + 3*k = 30. Let m be (4/10)/(2/k). Let v(b) = -4*b + 2. List the prime factors of v(m).
2, 5
Suppose -12 = 4*z, i = -3*i + z + 43. Suppose 0*n = -i*n + 170. What are the prime factors of n?
17
Suppose 4*c - 3*m + 341 = 1553, 3*m + 1515 = 5*c. List the prime factors of c.
3, 101
Let l(w) = -w**3 + 6*w**2 + 19*w - 8. Let x(s) = s + 12. Let z be x(-4). What are the prime factors of l(z)?
2
Suppose -33*u + 2583 = 4*k - 38*u, 3*k = -4*u + 1914. List the prime factors of k.
2, 3, 107
Let z(g) = -4*g + 1. Let w be z(-2). Suppose 4*c + 12 = y, 5*c = 2*y + w - 27. Suppose y*a + a - 155 = 0. List the prime factors of a.
31
Let a(v) = -v**3 + 7*v**2 + 8*v + 3. Let z be a(8). Let t = 167 - 118. Suppose -4*y = 7*j - z*j - 76, -5*y = 3*j - t. What are the prime factors of j?
23
Let z = -269 + 442. Suppose 5*i - 27 = z. List the prime factors of i.
2, 5
List the prime factors of (590/60 - 1*-2)*6.
71
Suppose 26 = 121*m - 119*m. What are the prime factors of m?
13
Suppose y + 26 - 77 = 5*r, 32 = 2*y + 4*r. Let o = y + 18. List the prime factors of o.
2, 11
Let c(x) = 2*x**3 + 14*x**2 + 4. Let j be c(-7). Suppose 173 = -g + j*g - 4*h, 163 = 3*g - 2*h. List the prime factors of g.
3, 17
Let w(r) = -r**3 - 13*r**2 - 40*r + 69. List the prime factors of w(-17).
3, 5, 127
Let p be -15 + (10/(-30) - (-13)/3). Let g(f) = -17*f + 6. What are the prime factors of g(p)?
193
Suppose -u - 5*f - 15 = -4*u, 0 = -2*u + 2*f + 6. List the prime factors of 1 + 375/5 + u.
2, 19
Let d(x) = -3*x**3 + 4*x**2 - 11*x - 5*x**2 + 4*x**2 - 1. What are the prime factors of d(-4)?
283
Let i(o) = 5*o**2 - 1. Let n be i(1). Suppose 3*r - 105 = -n*r. List the prime factors of r.
3, 5
Let q(c) be the first derivative of 11*c + 4 + 8/3*c**3 + c**2 - 1/4*c**4. List the prime factors of q(8).
3
Suppose 5 = -3*q + 20. Suppose 30 = q*f - 0*f. What are the prime factors of f?
2, 3
Let n = 4 + 20. Suppose n = 3*i - 15. What are the prime factors of i?
13
List the prime factors of (0 - (-3 - -5))/(4/(-592)).
2, 37
Let z(c) = -3*c - 3*c + 16 + 36 + 7*c. What are the prime factors of z(-24)?
2, 7
Suppose 101*c - 107*c + 1116 = 0. What are the prime factors of c?
2, 3, 31
Suppose 2*l - 33 = -5*h, -4*l - h + 45 = 2*h. Let n(b) = -4 + 6*b - 11*b + l*b. List the prime factors of n(5).
2
Let t(o) = 5*o**2 - 7*o - 14. Let y be t(8). Let p = y - 110. List the prime factors of p.
2, 5, 7
Let r(d) = 17*d**3 + d**2 - 18*d + 39. List the prime factors of r(2).
11, 13
Suppose 0 = 12*c - 17*c + 55. Suppose -12*m + c*m - 6 = 0. List the prime factors of ((-4)/m)/((-32)/(-1968)).
41
Let c(d) = -15*d + 5. Let x(u) = 14*u - 5. Suppose -20 = -3*t + 1. Let v(a) = t*x(a) + 6*c(a). List the prime factors of v(4).
3
Suppose -3*x - 2*x = 5*l + 15, -5*x - 33 = -4*l. Suppose -6*d + l*d + 20 = -5*m, 2*m + d = -21. List the prime factors of 2/(4 + 30/m).
2
Let z(n) = n**3 - n**2 - 13*n - 5. Let v be z(-8). Let t = 676 + v. List the prime factors of t.
199
Let q = 96 - 42. Suppose 3*s = 156 - q. List the prime factors of s.
2, 17
Suppose 28*l = 32*l - 60. Suppose 0 = -16*o + l*o + 103. List the prime factors of o.
103
Let o = 938 - 119. What are the prime factors of o?
3, 7, 13
Let f(z) = 39*z + 195. List the prime factors of f(9).
2, 3, 7, 13
Let d(z) = 3*z + 240. What are the prime factors of d(-27)?
3, 53
Suppose -10*p + 2799 = -p. What are the prime factors of p?
311
List the prime factors of 3562737/775 + (-6)/75.
4597
Let h = 81 - 82. List the prime factors of 2 - (-17 - (h + 2)).
2, 5
What are the prime factors of ((-128220)/(-14))/3 + (-1)/(-7)?
43, 71
Let o = -44 + 34. List the prime factors of 5/o*(-1 - (-2 + 63)).
31
Let i = 440 - 65. List the prime factors of i.
3, 5
Suppose o + 134316 = 27*o. List the prime factors of o.
2, 3, 7, 41
Let t(k) = -k + 8. Let g(s) = -s + 7. Let d(b) = -5*g(b) + 6*t(b). List the prime factors of d(-22).
5, 7
Let p = 293 + -221. List the prime factors of p.
2, 3
Let q be (2*1)/((-24)/(-60)). Let f be ((-4)/q)/((-6)/105). Suppose 108 = 2*d + f. What are the prime factors of d?
47
Let f(v) be the second derivative of 25*v**3/6 - 3*v**2/2 + 16*v. What are the prime factors of f(4)?
97
Let j be 2 + (-3)/(((-108)/88)/9). Suppose -17*o - 315 = -j*o. List the prime factors of o.
3, 5
Let j(x) = 15*x + 4. Let p be j(8). Suppose -p = 3*l + l. Let u = 67 + l. What are the prime factors of u?
2, 3
Suppose 10*x + 18*x - 73836 = 0. List the prime factors of x.
3, 293
Suppose -6*u = -3*u + 2*b, 0 = -4*u + 5*b. Suppose 2*c - 2*t + 1 - 3 = u, -3*c - 2*t + 13 = 0. List the prime factors of c + (4 - 1) - 3.
3
Let v(z) = z**2 + 5*z + 2. Let p = -12 - -14. Let h be (p - 5/3)*-15. What are the prime factors of v(h)?
2
Let d = 55 - 50. Suppose -f + d*j + 45 = 0, 145 = -3*f + 5*f + j. What are the prime factors of f?
2, 5, 7
Suppose o + 2*q - 4*q = 3529, 3*q = -3*o + 10596. List the prime factors of o.
3, 11, 107
Let s(g) = -3*g - 14. Let q be s(-7). Suppose -2*h - 3*z + 217 = 0, q*h - 3*z - 333 = 4*h. List the prime factors of h.
2, 5, 11
Let r(c) = 2*c + 1. Let n(d) = d**2 - 7*d - 3. Let b be n(7). Let k be r(b). Let g = k + 9. List the prime factors of g.
2
Let c be 292/12 + 3/(-9). Let q be (-2)/3 + c/36. Suppose q = -36*o + 37*o - 31. List the prime factors of o.
31
Suppose 13*g = 20*g - 2583. What are the prime factors of g?
3, 41
Let b be 2*1/(-2)*-1. Let i be 7/((-7)/(-2)) - b. Let p(a) = 14*a**2. List the prime factors of p(i).
2, 7
Let d be 2/13 + 249/(-13). Let i be (-1 - d)*(-28)/8. What are the prime factors of 14/i + 706/18?
3, 13
Let p = 2208 + -1162. What are the prime factors of p?
2, 523
Suppose a - 5 = -2*a - 5*s, 2*s + 9 = a. Let c(d) = a + 14*d - 4 + 8*d. What are the prime factors of c(1)?
23
Let h be ((-46)/6 + 1)*-27. Let i = h + -125. Suppose 0 = -4*f - 4*d + 108, -4*f + 4*d + i = -13. What are the prime factors of f?
2, 11
Suppose 0 = h + 8 - 11, -5*h = 3*v - 12498. What are the prime factors of v?
3, 19, 73
Let w = 123 + -288. Let p = -118 - w. What are the prime factors of p?
47
Suppose -6*u = -u - 35. Let d = u - -33. What are the prime factors of d?
2, 5
Let v = -181 - -397. Suppose 42 = 6*f - v. What are the prime factors of f?
43
Let a = 102 - 259. Let o = a - -220. List the prime factors of o.
3, 7
List the prime factors of ((-54)/(-216))/(2/(-8)) + 2493.
2, 7, 89
Let i = 3276 - 577. Wh